he remainder when 4 + 0 + 0/(-4) + 74 is divided by 29?
20
Let t be (3 + 0)*(-10)/(-6). Suppose 3*r + b - 66 = 0, 2*r + 2*r - 5*b = 107. What is the remainder when r is divided by 62/t - 2/5?
11
Suppose 5*m + 0*m = 90. Calculate the remainder when m is divided by 10.
8
Suppose -2*w + 39 = -29. Calculate the remainder when w is divided by 13.
8
Let a = 116 + -82. What is the remainder when a is divided by 9?
7
Suppose -5*s + 4*q + q + 300 = 0, -4*q + 248 = 4*s. Suppose 3*g = -g + 5*l + 64, 104 = 4*g + 5*l. What is the remainder when s is divided by g?
19
Let g be (0/1)/(-2 + -1). Suppose g*k + 205 = 5*k. What is the remainder when k is divided by 21?
20
Let f = 4 + 15. Calculate the remainder when f is divided by 10.
9
Suppose -5*h = -2*f - 37 - 54, 4*f + 49 = 3*h. Suppose -16 - 16 = 4*w. What is the remainder when h is divided by 8 + (-8)/(w/2)?
9
What is the remainder when 83 is divided by (-4 + 7)*28/6?
13
Let q be (-4)/(-20) - 22/10. Let x = 0 - q. Calculate the remainder when (-1 - 9)/(x/(-8)) is divided by 14.
12
Let x(y) = -6*y**3 + y**2 + y - 1. Let o be x(1). Let g = 43 - 48. What is the remainder when (-22)/4*(o + g) is divided by 14?
13
What is the remainder when 31 + 12/(-10)*(-10)/(-4) is divided by 8?
4
Let t(a) = -2*a + 34. Calculate the remainder when t(0) is divided by 6.
4
Suppose 5*b = 2*i + 3*b - 470, -3*i + 2*b + 705 = 0. Suppose 0*h + i = 5*h. Calculate the remainder when h is divided by 16.
15
What is the remainder when 12 is divided by 4/(-6)*(-21)/2?
5
Let t(d) = -d. Suppose -s = -10 - 13. What is the remainder when s is divided by t(-8)?
7
Let w(h) = h**3 - 4*h**2 + 3*h. Suppose 6*n = n + 170. Calculate the remainder when n is divided by w(4).
10
Let w be 1/(2/(-8)*2). Calculate the remainder when 18 - (w/(-2) + -3) is divided by 7.
6
Let b = -19 - -32. What is the remainder when 49 is divided by b?
10
Let u be 0 + 0 - (-3)/1. Suppose -q - 4*a - 26 = -u*q, q - 5*a = 13. What is the remainder when 38 is divided by q?
12
Suppose 81 = 3*d + 2*g, -g = 4*d + g - 106. What is the remainder when d is divided by 2/6 + 2214/162?
11
Let g(x) = -1 - 2*x + 1 + 4 - 5. Suppose -o + 5*m = -2*o - 7, -2*m = o - 2. What is the remainder when o is divided by g(-2)?
2
Let y = 8 + 2. What is the remainder when 47 is divided by y?
7
Suppose 0 = -5*y - 5*m + 170, 3*m + 94 = 5*y - 100. What is the remainder when y is divided by 19?
18
Let x(k) = k**3 - 6*k**2 - 5*k - 6. What is the remainder when 13 is divided by x(7)?
5
Let z(y) = -y + 2. Let j be z(-3). Suppose 3*a = 5*a + 4*l - 28, -4*a = -j*l + 9. Calculate the remainder when a is divided by -1 - 0 - (1 - 4).
0
Suppose -b - 10 = -3*n, -b = 4*b - n - 6. Let w be 0/(b - -1 - 5). Suppose -m - 2*m + 60 = w. What is the remainder when m is divided by 7?
6
Let s(z) = z - 5. Let v be s(4). What is the remainder when v*(-9 - (0 - -2)) is divided by 3?
2
Let j = -12 + 9. Let u(d) = d**3 - 4*d**2 + 2*d - 6. What is the remainder when u(4) is divided by -3*j*4/18?
0
Suppose 0 = 5*t + p + 61 - 372, -16 = 4*p. Calculate the remainder when t is divided by 22.
19
Let p(t) = -28*t - 2. Let z be p(-2). Suppose 3*n - z = n. Suppose -4*d - 2*g = -58, 0 = 2*d + 3*d + g - 71. Calculate the remainder when n is divided by d.
13
Suppose 4*i + 3*s = 37, 0*i - 2*i + 36 = -2*s. Let f = -44 + 6. Calculate the remainder when i is divided by f/(-8) - (-2)/8.
3
Let u = 64 - 27. Let q(i) = i**2 + 5*i + 7. Let h be q(-5). Let t = h + 6. Calculate the remainder when u is divided by t.
11
Let j be ((-2)/(-6))/(5/30). Suppose -28 = -2*t + 2*n, -5*n - 3 = j*t + 4. Calculate the remainder when 26 is divided by t.
8
Let u be (-2)/8 + (-431)/4. Let b = 155 + u. Suppose v - 2 = h + 10, 0 = 2*v - 4*h - 16. What is the remainder when b is divided by v?
15
Let i be (2 - 1) + 4 + 0. Suppose 0 = i*y - 2 - 23. What is the remainder when y is divided by 5 - 3/6*6?
1
Let f = -11 + 44. Suppose f = 2*o - 19. Calculate the remainder when o is divided by 7.
5
Let w = 0 + 1. Calculate the remainder when 1 is divided by w.
0
Suppose 13*o - 9*o - 332 = 0. Calculate the remainder when o is divided by 18.
11
Let z be ((-3)/3 + 4)*1. Suppose -2 = -d + z. Let u = 13 + d. Calculate the remainder when u is divided by 10.
8
Let q be (-38)/(-8) + (-2)/(-8). Suppose -5 = 5*d, -5*d + 25 = -0*y + q*y. Calculate the remainder when y is divided by 2.
0
Suppose -3*h = 2*x - 16, 0*x + 26 = 3*x + 5*h. Calculate the remainder when 5 is divided by x.
1
Let j = 30 - 6. What is the remainder when 45 is divided by j?
21
Let z(f) = 8*f**2 - 2*f - 1. Let w be z(-1). Suppose -w*j = -4*j - 55. Calculate the remainder when 31 is divided by j.
9
Suppose -p - y = 3*p - 10, -3*p - 2*y = -10. Let x be 272/p + (-2)/1. Suppose -x = -5*a + 21. What is the remainder when a is divided by 11?
9
Suppose 0 = 2*u - u - 41. Let b = -28 + u. Let q = -22 - -29. What is the remainder when b is divided by q?
6
Let t(x) = 24*x**3 + 2*x**2 - 1. Let s = 2 + -1. Let m = 2 + 11. Calculate the remainder when t(s) is divided by m.
12
Let t be 14 - (-2)/(-3)*-3. What is the remainder when 57/2*t/12 is divided by 13?
12
Suppose -4*d = -5*r + 4 + 26, 5*r = 5*d + 25. What is the remainder when 39 is divided by r?
9
Calculate the remainder when 10/80 - 1054/(-16) is divided by 23.
20
Let c = 0 - -4. Suppose 6 = 3*s, a - 41 = 2*s - 5*s. Suppose 0 = -10*d + 5*d - 4*y + a, 0 = 4*d - y - 28. What is the remainder when d is divided by c?
3
Suppose 3*t + 2*k + 10 = 0, -3*k - 11 = 2*t + 4. Suppose t*b - 3*b - 5*r = -4, r = 4*b - 36. What is the remainder when b is divided by 3?
2
Suppose -69 = -9*s + 336. Calculate the remainder when s is divided by 12.
9
Calculate the remainder when 31 is divided by (3*4)/((-9)/(-6)).
7
Suppose 2*h + 3*h = 75. Suppose 0 = 2*c + 5*n + 3 - h, -3*n - 28 = -c. Let z(y) = 32*y - 1. What is the remainder when z(1) is divided by c?
15
Suppose u = -4*q + 25, u - q = 5 - 0. What is the remainder when u is divided by 2?
1
Let n be 40/12 - 1/3. Let b = -7 + 20. What is the remainder when (3 - 0)*38/n is divided by b?
12
Let y(d) = -d - 5. Let c be y(-6). Let f(w) = -28*w**3 - w**2 - w. Calculate the remainder when f(-1) is divided by 45*(c - 6/9).
13
Suppose -3*x = -2*u + u - 20, 4*u - 16 = 0. Calculate the remainder when 2/9 + (-196)/(-9) is divided by x.
6
Let i = -11 + 17. Suppose -i = -2*w + 18. Suppose 5*v = -7*x + 2*x + 135, -4*x = -2*v + 30. Calculate the remainder when v is divided by w.
11
Let s(a) = 10*a - 31. What is the remainder when s(9) is divided by 21?
17
Let j = -6 + 8. Let t(w) = -w**3 - 5*w**2 - 1. Let d be t(-5). Calculate the remainder when -3*(d + 0)*1 is divided by j.
1
Let c(b) = b - 2. Let o(h) = -h**3 + 2*h - 1. Let i be o(1). Let y be (-1 - i) + 7 - 2. Calculate the remainder when c(y) is divided by 2.
0
Let w = 11 + 85. Suppose r = 5*r - w. What is the remainder when r is divided by (2/2)/(2/26)?
11
Suppose 0 = -5*c + 124 + 91. What is the remainder when c is divided by 16?
11
Suppose -6 = q + 6. Calculate the remainder when (q/(-18))/(4/90) is divided by 9.
6
Suppose 6*m - 29 = 25. Calculate the remainder when 24 is divided by m.
6
Suppose -4*b = -7 - 61. Let u(d) = -33*d + 1. Calculate the remainder when u(-2) is divided by b.
16
Suppose -3*c = c - 44. Suppose -2*m - j + 55 = m, -3*m = -5*j - 67. What is the remainder when m is divided by c?
8
Let x(z) = z + 14. Let p be x(-13). Suppose 0 = -2*c + p + 7. Calculate the remainder when 11 is divided by c.
3
Let d(z) = 20*z**2. Let r be d(1). Suppose 0 = 9*f - 4*f - r. Suppose -115 = -5*b + o + f*o, -b = -2*o - 21. Calculate the remainder when 49 is divided by b.
24
Let m(o) = 10*o - 8. Let b be m(9). Suppose -3*d + h + b = 0, -h + 74 = 3*d - 0*h. Calculate the remainder when d is divided by 9.
8
Let i(x) be the second derivative of x**4/6 - x**3/6 - x**2 + 2*x. Calculate the remainder when 38 is divided by i(3).
12
Suppose u = -2*u + 18. Suppose 3*t - t - 32 = 0. What is the remainder when t is divided by u?
4
Suppose 15 = -5*a, 27 = 3*q - 3*a - 3. What is the remainder when q is divided by 4?
3
Suppose -54 - 26 = -5*r. Calculate the remainder when r is divided by 10.
6
Let o = -19 - -28. Suppose 4*l + 85 = o*l. Let s(m) = -m**2 + 11*m + 3. What is the remainder when s(5) is divided by l?
16
Let f =